{"id":448,"date":"2025-02-11T00:44:22","date_gmt":"2025-02-10T19:44:22","guid":{"rendered":"https:\/\/boviumstudio.com\/?page_id=448"},"modified":"2025-02-12T20:18:37","modified_gmt":"2025-02-12T15:18:37","slug":"quadratus","status":"publish","type":"page","link":"https:\/\/boviumstudio.com\/index.php\/quadratus\/","title":{"rendered":"Quadratus"},"content":{"rendered":"\n<div class=\"wp-block-cover alignfull\" style=\"padding-top:2%;min-height:135px;aspect-ratio:unset;\"><span aria-hidden=\"true\" class=\"wp-block-cover__background has-background-dim\" style=\"background-color:#14303d\"><\/span><img loading=\"lazy\" decoding=\"async\" width=\"2322\" height=\"1192\" class=\"wp-block-cover__image-background wp-image-444\" alt=\"\" src=\"http:\/\/boviumstudio.com\/wp-content\/uploads\/2025\/02\/QUA_Background_12.png\" data-object-fit=\"cover\" srcset=\"https:\/\/boviumstudio.com\/wp-content\/uploads\/2025\/02\/QUA_Background_12.png 2322w, https:\/\/boviumstudio.com\/wp-content\/uploads\/2025\/02\/QUA_Background_12-300x154.png 300w, https:\/\/boviumstudio.com\/wp-content\/uploads\/2025\/02\/QUA_Background_12-1024x526.png 1024w, https:\/\/boviumstudio.com\/wp-content\/uploads\/2025\/02\/QUA_Background_12-768x394.png 768w, https:\/\/boviumstudio.com\/wp-content\/uploads\/2025\/02\/QUA_Background_12-1536x789.png 1536w, https:\/\/boviumstudio.com\/wp-content\/uploads\/2025\/02\/QUA_Background_12-2048x1051.png 2048w\" sizes=\"auto, (max-width: 2322px) 100vw, 2322px\" \/><div class=\"wp-block-cover__inner-container has-global-padding is-layout-constrained wp-container-core-cover-is-layout-ee51f2d2 wp-block-cover-is-layout-constrained\">\n<div class=\"wp-block-group alignwide is-vertical is-content-justification-left is-layout-flex wp-container-core-group-is-layout-994fc1a2 wp-block-group-is-layout-flex\" style=\"min-height:8rem\"><\/div>\n<\/div><\/div>\n\n\n\n<section class=\"wp-block-group alignfull has-text-color has-global-padding is-layout-constrained wp-container-core-group-is-layout-4252d6ba wp-block-group-is-layout-constrained\" style=\"color:#03081e;margin-top:0px;padding-top:6.51rem;padding-right:1rem;padding-bottom:5.5rem;padding-left:1rem;font-size:clamp(0.875rem, 0.875rem + ((1vw - 0.2rem) * 0.464), 1.13rem);font-style:normal;font-weight:400;line-height:1.4\">\n<div class=\"wp-block-group has-global-padding is-content-justification-center is-layout-constrained wp-container-core-group-is-layout-559b4004 wp-block-group-is-layout-constrained\">\n<h3 class=\"wp-block-heading has-text-align-left has-text-color\" style=\"color:#07277c;margin-top:0.5rem;margin-bottom:1.01rem;font-size:clamp(1.502rem, 1.502rem + ((1vw - 0.2rem) * 1.815), 2.5rem);font-style:normal;font-weight:500;letter-spacing:0px;line-height:1.3;text-transform:capitalize\">Quadratus VII &#8211; Create Words Before the Grid Overflows!<\/h3>\n\n\n\n<p class=\"has-text-align-left has-text-color\" style=\"color:#03081e;margin-top:0rem;font-size:clamp(0.875rem, 0.875rem + ((1vw - 0.2rem) * 0.245), 1.01rem);font-style:normal;font-weight:400;line-height:1.6\">Dive into the captivating world of Quadratus VII, a word game where the goal is to fill the grid with falling letters and achieve amazing scores. Drop the letters and position them strategically to form the most impressive words. The longer your words, the more points you earn. But watch out for locked tiles\u2014they might thwart your grand word ambitions. Luckily, you have swap tiles and blank tiles at your disposal to craft words of rare brilliance. Stay sharp, as a full grid means game over.<\/p>\n\n\n\n<p class=\"has-text-align-left has-text-color\" style=\"color:#03081e;margin-top:1rem;font-size:clamp(0.875rem, 0.875rem + ((1vw - 0.2rem) * 0.245), 1.01rem);font-style:normal;font-weight:400;line-height:1.6\">Jump into the addictive universe of Quadratus VII now and showcase your word skills!<\/p>\n<\/div>\n\n\n\n<div style=\"height:55px\" aria-hidden=\"true\" class=\"wp-block-spacer\"><\/div>\n\n\n\n<figure class=\"wp-block-image aligncenter size-full is-resized has-custom-border\"><img loading=\"lazy\" decoding=\"async\" width=\"2752\" height=\"2064\" src=\"http:\/\/boviumstudio.com\/wp-content\/uploads\/2025\/02\/MotEntre_EN_2752X2064.png\" alt=\"\" class=\"wp-image-451\" style=\"border-radius:10px;object-fit:cover;width:721px;height:auto\" srcset=\"https:\/\/boviumstudio.com\/wp-content\/uploads\/2025\/02\/MotEntre_EN_2752X2064.png 2752w, https:\/\/boviumstudio.com\/wp-content\/uploads\/2025\/02\/MotEntre_EN_2752X2064-300x225.png 300w, https:\/\/boviumstudio.com\/wp-content\/uploads\/2025\/02\/MotEntre_EN_2752X2064-1024x768.png 1024w, https:\/\/boviumstudio.com\/wp-content\/uploads\/2025\/02\/MotEntre_EN_2752X2064-768x576.png 768w, https:\/\/boviumstudio.com\/wp-content\/uploads\/2025\/02\/MotEntre_EN_2752X2064-1536x1152.png 1536w, https:\/\/boviumstudio.com\/wp-content\/uploads\/2025\/02\/MotEntre_EN_2752X2064-2048x1536.png 2048w\" sizes=\"auto, (max-width: 2752px) 100vw, 2752px\" \/><\/figure>\n\n\n\n<div style=\"height:55px\" aria-hidden=\"true\" class=\"wp-block-spacer\"><\/div>\n\n\n\n<h2 class=\"wp-block-heading has-text-align-center has-text-color\" style=\"color:#07277c;margin-top:2rem;margin-bottom:0rem;margin-left:0rem;padding-top:15px;padding-bottom:0px;padding-left:45px;font-size:clamp(1.502rem, 1.502rem + ((1vw - 0.2rem) * 1.815), 2.5rem);font-style:normal;font-weight:500;letter-spacing:0px;line-height:1.3;text-transform:capitalize\">Key features<\/h2>\n\n\n\n<ul style=\"padding-right:120px;padding-left:120px\" class=\"wp-block-list\">\n<li style=\"line-height:2\">The ability to play in English or French.<\/li>\n\n\n\n<li style=\"line-height:2\">A scoring system based on letter value and word length, ensuring an exciting challenge.<\/li>\n\n\n\n<li style=\"line-height:2\">Detailed statistics to track your progress.<\/li>\n\n\n\n<li style=\"line-height:2\">Aucune publicit\u00e9 ni achats int\u00e9gr\u00e9s.<\/li>\n\n\n\n<li style=\"line-height:2\">Aucune connexion Internet requise.<\/li>\n<\/ul>\n\n\n\n<figure class=\"wp-block-image aligncenter size-full is-resized\"><a href=\"https:\/\/apps.apple.com\/us\/app\/quadratus-vii\/id6738664347\"><img loading=\"lazy\" decoding=\"async\" width=\"500\" height=\"167\" src=\"http:\/\/boviumstudio.com\/wp-content\/uploads\/2025\/02\/Download_on_the_App_Store_Badge_US-UK_RGB_blk_092917_500X167.png\" alt=\"\" class=\"wp-image-455\" style=\"object-fit:cover;width:274px;height:auto\" srcset=\"https:\/\/boviumstudio.com\/wp-content\/uploads\/2025\/02\/Download_on_the_App_Store_Badge_US-UK_RGB_blk_092917_500X167.png 500w, https:\/\/boviumstudio.com\/wp-content\/uploads\/2025\/02\/Download_on_the_App_Store_Badge_US-UK_RGB_blk_092917_500X167-300x100.png 300w\" sizes=\"auto, (max-width: 500px) 100vw, 500px\" \/><\/a><\/figure>\n<\/section>\n","protected":false},"excerpt":{"rendered":"<p>Quadratus VII &#8211; Create Words Before the Grid Overflows! Dive into the captivating world of Quadratus VII, a word game where the goal is to fill the grid with falling letters and achieve amazing scores. Drop the letters and position them strategically to form the most impressive words. The longer your words, the more points [&hellip;]<\/p>\n","protected":false},"author":1,"featured_media":0,"parent":0,"menu_order":0,"comment_status":"closed","ping_status":"closed","template":"wp-custom-template-page-en","meta":{"footnotes":""},"class_list":["post-448","page","type-page","status-publish","hentry"],"_links":{"self":[{"href":"https:\/\/boviumstudio.com\/index.php\/wp-json\/wp\/v2\/pages\/448","targetHints":{"allow":["GET"]}}],"collection":[{"href":"https:\/\/boviumstudio.com\/index.php\/wp-json\/wp\/v2\/pages"}],"about":[{"href":"https:\/\/boviumstudio.com\/index.php\/wp-json\/wp\/v2\/types\/page"}],"author":[{"embeddable":true,"href":"https:\/\/boviumstudio.com\/index.php\/wp-json\/wp\/v2\/users\/1"}],"replies":[{"embeddable":true,"href":"https:\/\/boviumstudio.com\/index.php\/wp-json\/wp\/v2\/comments?post=448"}],"version-history":[{"count":5,"href":"https:\/\/boviumstudio.com\/index.php\/wp-json\/wp\/v2\/pages\/448\/revisions"}],"predecessor-version":[{"id":456,"href":"https:\/\/boviumstudio.com\/index.php\/wp-json\/wp\/v2\/pages\/448\/revisions\/456"}],"wp:attachment":[{"href":"https:\/\/boviumstudio.com\/index.php\/wp-json\/wp\/v2\/media?parent=448"}],"curies":[{"name":"wp","href":"https:\/\/api.w.org\/{rel}","templated":true}]}}